 + 9 + 0*g - 4*g - 3. Let s(k) = 6*l(k) + 5*v(k). Suppose 0 = o - 6 + 2. What is s(o)?
11
Let f(i) = -i + 6. Let s be f(4). Let o(t) = -t**2 + 0*t**2 - t - s*t - 3*t - 1. Give o(-5).
4
Let m be (42/35)/(3/10). Let p be 2 + (-1)/2*m. Let d(o) = -o**3 + o**2 - o + 11. Give d(p).
11
Let b(h) = -h**3 - 2*h**2 - 2*h - 6. Let m(w) = w**3 + w**2 + w + 5. Let q(j) = -5*b(j) - 6*m(j). Determine q(4).
16
Suppose -14*w - 64772 + 64702 = 0. Let n(o) = -1. Let d(j) = j + 10. Let q(u) = -4*d(u) - 36*n(u). What is q(w)?
16
Let m(b) be the third derivative of b**6/120 - 2*b**5/15 + 7*b**3/6 - 55*b**2. Calculate m(8).
7
Let g(q) be the first derivative of 1/4*q**4 + 0*q**3 - 3/2*q**2 - 3*q - 25. Determine g(-2).
-5
Let r(j) = 2*j + 27. Suppose 3*v - 6*v + d - 45 = 0, 3*v + 4*d + 45 = 0. Calculate r(v).
-3
Let s(z) = -168*z**2. Let w(c) = -20*c + 20*c + 13*c**2. Let x(f) = 6*s(f) + 77*w(f). Determine x(1).
-7
Let c(f) = -f + 1. Let r(q) = -1. Let u(b) = b. Let g(k) = 2*k - 1. Let s(j) = g(j) - 4*u(j). Let x(n) = 3*r(n) - s(n). Let a(y) = 9*c(y) + 4*x(y). Give a(-1).
2
Let f(n) = -n**3 - 16*n**2 - 6*n - 113. Let g be f(-16). Let t(r) = r - 16. Calculate t(g).
-33
Suppose 2*b - 15 = -b. Let f(p) = 11 - b + 8*p + 1 - 4*p**2 - p**3. Calculate f(-5).
-8
Let w(h) be the first derivative of -h**4/4 - 5*h**3/3 - 5*h**2/2 - 3*h - 103. Give w(-3).
-6
Let z(t) = 5*t**3 + 2*t**2 - 8*t + 35. Let s(m) = -4*m**3 - 2*m**2 + 7*m - 27. Let b(c) = -4*s(c) - 3*z(c). Determine b(-3).
6
Let v be (-5)/(170/(-4)) - 249/(-51). Let n(o) = 3*o - 15. Determine n(v).
0
Let w = -31 - -24. Let x(b) = b**3 + b**2 - b - 1. Let n(v) = -4*v**3 + 2*v**2 + 6*v + 7. Let a(h) = n(h) + 5*x(h). Determine a(w).
-5
Suppose 0 = -5*p - 3*s + 91, -5*s + 65 = -p + 5*p. Let c(i) = -1 + p + 2*i - i. Calculate c(0).
19
Suppose 4*y = 4*t - 0*t - 8, 3*t - 4*y = 7. Let v(u) = -31*u. Determine v(t).
-31
Let n(a) = -a**2 + 3*a - 3. Suppose 4*g + 2*o - 20 = 0, -35*g + 4*o - 28 = -40*g. Calculate n(g).
-7
Let a(t) be the third derivative of 0 + 1/12*t**4 + 14*t**2 + 0*t + 1/60*t**5 - 1/2*t**3. What is a(-5)?
12
Let d(o) = -7*o + 2. Let u be (-12)/(-96)*-22 - 1/4. What is d(u)?
23
Let k(r) = r**3 + 5*r**2 + 2*r + 4. Let d(v) = v**2 - 734. Let b be d(27). Determine k(b).
-6
Let x(o) = -7*o**3 - 6*o**2 - o + 6. Let n(a) = a**3 - 1. Let t(s) = -6*n(s) - x(s). Calculate t(-4).
28
Let r(k) be the third derivative of 0 + 1/6*k**3 + 1/24*k**4 - k**2 + 0*k. Let f = -1007 - -1012. Give r(f).
6
Let t(z) = 66024*z - 2*z**2 - 66024*z. What is t(-1)?
-2
Suppose 3*m + 12 = -3*b, 2*m + 4 = -3*b - 6. Let k(p) = -p + 17*p**2 - 12*p**2 - 8*p**2. Give k(m).
-10
Let m(x) = -3*x - 10. Let z(i) = 7*i + 21. Let l(t) = -5*m(t) - 2*z(t). Let n be l(-6). Let v(a) = a**2 - n + 7*a - 2*a**2 + 0. Calculate v(5).
8
Let v(p) be the second derivative of 0 - 49*p - 1/3*p**3 + 1/2*p**2. Calculate v(-5).
11
Let d(k) be the second derivative of 7*k**5/20 - k**4/12 - k**3/6 - 3*k. Let x = 833 - 834. What is d(x)?
-7
Let i(h) = h**2 - 4. Let o = 44 - 41. Determine i(o).
5
Let t(j) = j**3 - 3*j**2 + j - 2. Let p(y) = y**2 + 6*y + 3. Let b(s) = -3*s + 1. Let d be b(-1). Suppose 0*x + 24 = -d*x. Let h be p(x). Calculate t(h).
1
Let d(w) = -2*w + 1. Let v(j) = -6*j**3 - 9*j**2 + 4*j - 5. Let i(p) = -p**3 - p**2 + p - 1. Let g(t) = -5*i(t) + v(t). Let u be g(-2). Determine d(u).
13
Let t(d) be the first derivative of d**3/6 + d**2/2 + 52*d + 51. Let v(i) be the first derivative of t(i). Give v(3).
4
Let t(v) = 6*v - 1. Suppose 2*p - 2 - 2 = 0. Let s(n) = n**3 - 2*n**2 + 3*n - 1. Let g be s(p). Suppose g = 5*z, -2 - 2 = 4*q + 4*z. What is t(q)?
-13
Suppose 5*g + 1 = 2*r + 6, -5 = -5*g. Let j = r + 2. Let c(w) = 2*w**2 - 4*w**2 + 5*w**2 - 3 - 4*w**j + 6*w. Give c(5).
2
Let k = 49 - 28. Let s(u) = 0 - 2 + 1 + k*u. Suppose -3*l + 9 = 0, 0*l = 5*o + 9*l - 32. Calculate s(o).
20
Let z(g) = -g**2 - 10*g + 19. Let a = -906 - -894. Determine z(a).
-5
Let d(s) = 3 + 2*s + 2*s - 2 - 4*s + s. Determine d(6).
7
Let t be 43/9 + (-2)/(-9). Let i be ((t - 3) + 0)/1. Let z(p) = -2*p + i + 0 - p. What is z(3)?
-7
Let c(i) = -i**2 - 5*i + 19. Let t be (-58)/7 - 10/(-35). Determine c(t).
-5
Let k(t) = -t**2 + 14*t - 6. Let x be -10 + 3*64/8. What is k(x)?
-6
Let z(m) = m**3 + 4*m**2 + 4*m + 3. Suppose 3*o - 3*n = 32 + 19, 2*o - 29 = 3*n. Suppose r - o = 12*r. Give z(r).
3
Let t = 223 - 220. Let w(o) be the first derivative of 1/3*o**t + 6 + 5/2*o**2 - o. What is w(-4)?
-5
Let t = 2 + 3. Suppose 2*r = 7*r - t. Let y(v) = -2*v + 4*v + 6 - r - 4. Give y(1).
3
Let q(p) = p**2 + 6*p - 5. Let o be 5/(4 - 9) - 1. Let i(x) = 2*x**2 + 12*x - 11. Let r(n) = o*i(n) + 5*q(n). Calculate r(-6).
-3
Let k(r) = 6*r - 5. Let q(y) = 5*y - 4. Let c(z) = -3*k(z) + 2*q(z). Let v(l) = -7*l + 6. Let o(h) = -2*c(h) + 3*v(h). Suppose -14 = -3*g - 5. Calculate o(g).
-11
Suppose 4*t + i + i + 18 = 0, 2*t = 2*i + 6. Let q be 2/(-10) + 63/15. Let k(g) = -3 + q - g + 0. What is k(t)?
3
Let l(m) = 6*m - 7 + m**3 - 8*m**2 - 13*m - 6. Let k be l(9). Let c(v) = v**3 - 5*v**2 - 2*v + 4. Determine c(k).
-6
Let j(m) = 2*m - 7. Suppose -3*s + 4*t + 24 = 0, 0 = 3*s - 2*s - 5*t + 3. Suppose 3*i - 3 = s. Determine j(i).
3
Let c(w) = -8 + 8*w + 9 - 9*w. Let t = 4 + -1. Suppose -12 = t*b - 2*n, 0 = 2*b - n - 2*n + 3. Give c(b).
7
Let l(b) = -2*b**3 + 4*b**2 - 2*b - 2. Suppose 4*r + 3*k + 62 = 0, k = 2*k - 2. Let w = 19 + r. What is l(w)?
-6
Let d(v) = -v**3 + 5*v**2 - 2*v - 2. Let g be (-1 + 2)/((-3)/(-21)). Suppose g = -3*x + 19. Calculate d(x).
6
Let v = 1284 + -1290. Let o(f) = f**2 + 7*f - 3. Calculate o(v).
-9
Let l(n) = 6*n**3 + n + 1. Let s(x) = 2*x**2 + 78*x - 250. Let w be s(-42). Determine l(w).
51
Let u = -8 - -8. Suppose 0 = -3*h - 6 - u. Let l(p) = p**2 + 2*p + 2. What is l(h)?
2
Let m be (-8)/20 - (-140)/(-25). Let l(x) = -x**2 - 8*x + 4. What is l(m)?
16
Let j = 15 + -6. Let k be (j/2)/(-9)*18. Let o be k/(-6)*(-30)/9. Let m(b) = b**2 + 3*b - 5. Calculate m(o).
5
Let x(n) = 77*n - 35*n - 43*n + 1. Suppose -y = h + 4*h + 13, -4*y - h = -5. Calculate x(y).
-1
Let t = -1169 + 1165. Let k(f) be the first derivative of -f**2 - 5*f - 1. Give k(t).
3
Let c(d) be the first derivative of 3*d**4/4 + 2*d**3 + 2*d**2 + d + 2. Let n(m) = 4*m**3 + 5*m**2 + 3*m + 2. Let h(t) = 3*c(t) - 2*n(t). Determine h(-7).
6
Let q(w) = -9*w**2 + 3*w. Let l(h) = 2*h**3 - 34*h**2 + 33*h - 14. Let o be l(16). Determine q(o).
-30
Let y(a) = -a**3 + 6*a**2 + 6. Suppose -m = -2*m + 28. Suppose -3*x + 0*o + 10 = -2*o, 4*x - m = -o. Give y(x).
6
Let r be 15/3 - (-2)/(-4)*4. Let d(c) = -r + 3*c - 10*c - 76*c**2 + 75*c**2. Determine d(-7).
-3
Let x = -60 - -65. Let m(g) = 2*g**2 - 3*g - 6. Determine m(x).
29
Let f = 119 - 116. Let v be ((-14)/(-6) - f)/((-10)/(-75)). Let d(n) = n**3 + 4*n**2 - 7*n - 5. Determine d(v).
5
Suppose -2 = 4*v + 6. Let l(f) be the second derivative of -2*f**3/3 - f**2/2 + 166*f. What is l(v)?
7
Let h(v) = v - 13. Let o be h(8). Let x(s) be the first derivative of s**3/3 + 3*s**2 - s - 141. Give x(o).
-6
Suppose 4*f = -4*o + 100, 4*f = -f + 20. Suppose -o*g + 16*g = -25. Let p(j) = j**3 - 4*j**2 - 6*j + 7. Calculate p(g).
2
Let l(q) = q - 4. Let b(k) = -4*k - 49. Let i(j) = b(j) - 4*l(j). Determine i(-5).
7
Let m(a) be the first derivative of -a**5/10 - a**4/24 - 23*a**3/3 - 16. Let k(d) be the third derivative of m(d). Give k(-1).
11
Let n(v) be the third derivative of -v**4/24 + 5*v**3/3 - 2*v**2. Suppose 4*u = 3*o + 5, 4*u + 3 = 5*o - 2. Give n(o).
5
Suppose 0*g - 4*g = -40. Suppose -5*v + 0 = -g, -i - 2*v = 0. Let y be 4 + 1/(i + 3). Let p(c) = -2*c + 4. Calculate p(y).
-2
Let t be -3 - (0 - -6)/(-3). Let a(n) = -23*n + 14. Let m(r) = -6*r + 3. Let b(x) = -2*a(x) + 9*m(x). Give b(t).
7
Let j(w) = w**3 - 5*w**2 + 5*w - 6. Let c(d) = 5*d - 1. Suppose -8 = -2*b + 3*q + 3, 2 = b - 5*q. Let m be (-81)/(-63) - 2/b. Let x be c(m). Give j(x).
-2
Let u(t) = t**3 + 9*t**2 + 7*t - 5. Let b be u(-8). Suppose -q = 4*k + b*q + 24, 8 = -2*q. Let n(i) = 5*i + 2. Calculate n(k).
-8
Suppose -22*q + 2056 = 2012. Let j(k) = k**3 - k**2 + 1. Determine j(q).
5
Let h(z) = -2*z + 121 + 121 + z**2 - 242. Let o(j) = -6*j. Let k be o(1). Let b = 9 + k. Determine h(b).
3
Let o(a) be the third derivative of -a**4/12 - a**3/6 - 2*a**2. Let 